e of w**6/120 - w**5/15 + w**4/12 + w**3/2 - 2*w**2 + 29*w. Calculate i(3).
0
Suppose -75 = 3*q + 57. Let w = q - -47. Let m(v) = v**3 - 3*v**2 - 1. Determine m(w).
-1
Let m = -93 + 97. Suppose -5*l - 3 = -8. Let d(a) = a**2 - 8*a + 3. Let x(s) = s. Let h(y) = l*d(y) + m*x(y). Calculate h(4).
3
Let f(o) = -o**2 + 2*o + 2. Let k be f(4). Let l(g) = -g**3 - 6*g**2 + 4*g + 9. What is l(k)?
-15
Let i(j) be the second derivative of -3*j**5/20 - j**2/2 + 3*j. Let s = -16 - -18. Suppose -s*q = 2*c - 0 + 4, 5 = -4*c - q. Calculate i(c).
2
Let z(v) be the second derivative of -v**3/2 + 4*v**2 + 276*v. Determine z(7).
-13
Let h = -12 - -16. Let m(r) = -2*r**2 + 2*r - 8. Let q be 3*(-4)/12 - 1. Let t(o) = o**2 - o + 7. Let v(w) = q*m(w) - 3*t(w). Calculate v(h).
7
Let c(d) = d**3 - 4*d**2 - 4*d + 3. Suppose 4*s + n + 56 = 0, -2*s = -0*s + 4*n + 28. Let f = s - -23. Let x be 8 + f/(2 - 5). Calculate c(x).
8
Let c(a) = -5 - a**2 + 0 + 4 - a**3 - 3*a + 0. Let y be c(0). Let b(w) = -13*w - 1. What is b(y)?
12
Suppose 0 = 3*a - 0*a - 12. Let n(c) = c - c - a*c - 3 - c. Calculate n(3).
-18
Let n(m) = -m - 1. Let y(a) = 3 + 6*a + 2*a - 5*a - a. Let k(h) = -11*n(h) - 4*y(h). Determine k(-1).
-4
Let n be (1*2 + 19/(-19))*-5. Let i(j) = -j**3 - 6*j**2 - 6*j - 5. Calculate i(n).
0
Let n(q) = -5*q - 72. Let v be n(-14). Let o(l) = 14*l + 2. Determine o(v).
-26
Let x be (-2)/6*(0 + 0). Suppose -4*n + x*n = l + 13, 0 = 4*l - n - 16. Let u(c) be the second derivative of 2*c**3/3 - 2*c**2 + 5*c. Determine u(l).
8
Let n be (7/14)/((-2)/8). Let t be n/(1 + (-20)/12). Let w(i) = 2*i - 1. Let u(a) = 6*a - 3. Let o(f) = 3*u(f) - 8*w(f). Determine o(t).
5
Let v = -2 - -2. Let z(n) be the second derivative of -12*n - 1/6*n**3 - 1/12*n**4 + 0 - 1/2*n**2 - 1/20*n**5. Calculate z(v).
-1
Let c(v) = 4 - 3 + v**2 + v**3 + 3 + v + 2. Let f be c(0). Suppose -37 = -3*a - 5*n, -2*n - f = -3*a - a. Let i(b) = -2*b - 5. Give i(a).
-13
Let c(z) = z**2 - 6*z + 8. Let g(a) = -a**2 + 12. Let k be g(0). Suppose 0 = -3*t + 5*t - k. Give c(t).
8
Suppose -3*w = -2*i - 0*i - 1, -2*w = 2*i - 14. Suppose -58*k = -62*k + 52. Let c(g) = -k*g + 3 + 11*g - 1 - 4. What is c(w)?
-8
Let a = 2385 - 2387. Let h(b) = -b + 1. Let l(m) = 5*m - 1. Let o(t) = -6*h(t) - 3*l(t). What is o(a)?
15
Let d(y) = -3*y - 9 + 10 - 26. Let j be d(-10). Let z(h) = h - 7. Give z(j).
-2
Let o(n) = -6*n + 1. Let d = -4 + 6. Suppose 3*l + 160 = -7*l. Let v be 5*(l/(-20))/d. What is o(v)?
-11
Let v = 837 - 846. Let h(f) = f**2 + 10*f + 14. Give h(v).
5
Let w(d) = d - 13. Let j be (-114)/(-27) - 4/18. Suppose 0 = 4*l - 2*o + 4, -l + 0 = -2*o + j. Determine w(l).
-13
Let d(m) be the second derivative of m**5/20 + 5*m**4/6 - 5*m**3/3 + 7*m**2 + 341*m. Let j(z) = -2*z**2 - z - 1. Let y be j(2). Give d(y).
3
Let g(m) = 2*m - 1. Let i(l) = -3*l. Let c(y) = 4*g(y) + 3*i(y). Let h(z) = 797*z - 16 - 803*z - 11 + 7. Let b(p) = 11*c(p) - 2*h(p). Give b(4).
0
Suppose 0 = 50*j - 37*j - 13. Let y(k) = -8*k - 1. Give y(j).
-9
Let r be 5/(-2)*(-6)/15. Let p(m) = m**3 + 12*m**2 - 5*m. Let i(q) = q**2 - q. Let u(w) = r*p(w) - 6*i(w). Let f(c) = -c**2 + 3. Let d be f(3). Calculate u(d).
-6
Let i = -359 - -353. Let v(r) = 2*r**2 + 9*r + 7. Let s be (2 - -1)/(6/(-4)). Let k(b) = -b**2 - 5*b - 3. Let f(l) = s*v(l) - 5*k(l). Determine f(i).
-5
Let l(r) = -r**3 - 5 - 12*r + 8*r**2 - 6 + 18 - 2. Let a be l(6). Let k(m) = 5*m. Let j(s) = -4*s + 1. Let y(b) = 4*j(b) + 3*k(b). Determine y(a).
-1
Let d(u) be the second derivative of -u + 1/20*u**5 + 1/2*u**2 + 1/6*u**4 + 0 - 1/3*u**3. Let o(g) = -g**3 + g**2 - 3. Let n be o(0). Determine d(n).
-2
Let c(k) = -k**2 + 4*k - 1. Let p be c(3). Suppose -3*r = -p*o - 3, -4 = -4*r - 4*o + 6*o. Let d(q) = -6*q - 6*q + r + 13*q. Determine d(1).
2
Let i(q) be the second derivative of q**4/12 + q**3/2 + 3*q**2 - 43*q - 2. Let d(z) = 2*z**3 - 1. Let m be d(1). Suppose 7 = -2*n - m. Give i(n).
10
Let l(z) = -z**3 - 4*z**2 - z - 2. Suppose 14 = 3*w - c - 9, 5*c = 5. Suppose -i = -4*s + w, 4*s = 2*i + s + 11. Calculate l(i).
2
Let w(x) = x - 4. Let g(s) = -s**3 + 7*s**2 + 9*s + 2. Let q be g(8). Determine w(q).
6
Let m(t) = t**2 - 6*t - 2*t**2 - 2432 + 2437. What is m(-4)?
13
Let z(p) be the first derivative of p**4/2 - p**2/2 + 6*p + 39. Let m(j) = j**3 + j**2 - 2*j + 5. Let l(t) = 3*m(t) - 2*z(t). Give l(3).
-9
Let u(r) = -2*r**2 + 3*r - 5. Let v(n) = -n**2 + n - 1. Suppose i = 2*k - 3*i - 14, -4*k - 2*i = 2. Let g(l) = k*u(l) - 3*v(l). What is g(-2)?
2
Let y(o) = -16 - 33 + 9*o + 92 - 23. Determine y(-6).
-34
Let s(y) = 4*y + 64. Let c be s(-18). Let t(n) = -n**3 - 7*n**2 + 8*n + 3. Give t(c).
3
Suppose 186*g = 2*g - 736. Let x(f) = 0 - 1 - 6*f**2 + 3 - f**3 - 2*f - 1. Determine x(g).
-23
Let j(o) = o**2 - 5*o - 7. Let t(i) = i**3 - 7*i**2 - 11*i + 47. Let g be t(8). Suppose w + 3*w + 52 = 5*n, -34 = w + 4*n. Let m = w + g. Determine j(m).
-7
Let m(j) = -j**3 - 14*j**2 - 15*j - 2. Let f(d) = 2*d**2 - 79*d - 53. Let o be f(40). Calculate m(o).
24
Let v(x) = 2*x**2 - 2*x - 3. Suppose -4*r + 17 + 3 = 0. Let g(j) = 4*j - 31. Let f be g(9). Suppose -m + 0 = q - 3, -f*q = -r*m + 35. Determine v(q).
9
Suppose 200*x = 203*x - 15. Let r(d) = 8*d + 4. What is r(x)?
44
Let x = 334 + -329. Let h(a) = a**3 - 6*a**2 + 5*a + 7. Calculate h(x).
7
Let o(w) = -w**2 - w + 3. Let y be (6 + -3)/(6/(-20)). Let c be ((-8)/20)/((-2)/y). Let t be 6/c + 0/1. What is o(t)?
-3
Let j(r) = 158*r + 791. Let v be j(-5). Let z(l) = -8*l**2 + l - 1. Determine z(v).
-8
Let m be 4/1 - 2/(-2). Suppose -s + m*k = 0, 5*k - k = -2*s + 14. Let n(x) = 3*x. Let o(b) = -b - 1. Let i(j) = -n(j) - 4*o(j). What is i(s)?
9
Let y(t) = -11*t**2 + 8*t**2 + 2*t + t**2 - 2*t**2 + 0*t**2 - 3. Give y(1).
-5
Let h(b) = 2*b + b**3 - 8*b**2 + 8*b**2 + 9*b**2 + 11*b + 6 + b. Determine h(-7).
6
Let b(h) = -2*h**2 + 7*h + 6. Let c(s) = -3*s**2 + 8*s + 7. Let q(v) = 4*b(v) - 3*c(v). Determine q(-4).
3
Let r be (13 - 12)*((-3)/(-1))/1. Let c(d) be the first derivative of 1/3*d**3 - r + 4*d - 5/2*d**2. What is c(3)?
-2
Let u(n) = n**3 + 2*n - 3*n + 8*n - 7*n**2. Suppose -38 = -5*d + 332. Let g = d + -69. Calculate u(g).
-15
Let i(y) = -y**2 - 8*y - 5. Let j be i(-7). Suppose -2 = -3*x - 2*n + 6*n, -2*n = -4*x + 16. Let f(v) = 3*v**2 - 1 - x + 2 - v + 3. Calculate f(j).
8
Let y(g) = -4*g**3 - 2*g**2 - 5*g + 4. Let m(o) = 7*o**3 + 3*o**2 + 8*o - 10. Let q(b) = -3*m(b) - 5*y(b). Determine q(0).
10
Let o(d) = -6*d + 2*d**2 + 13 + 6*d**2 - 7*d**2 - 4*d + 7*d. Give o(0).
13
Let c(g) = -5*g - 3. Suppose 5*h - 79 = -y, -2*y - 3*h = -146 - 26. Let a = -91 + y. Determine c(a).
7
Let j(z) = -905*z + 8 + 1901*z - 998*z. Let a(f) = 2*f + 2. Let q be a(2). What is j(q)?
-4
Suppose 2*c + v - 22 = 0, -13*c = -14*c + 2*v + 16. Let t(b) = -2*b + 25. Determine t(c).
1
Let g(i) = 3*i**3 + i**2 - i - 1. Let w(z) = 2*z**3 - 4*z**2 + z + 9. Let f(j) = -g(j) + w(j). What is f(-5)?
0
Let w(p) be the third derivative of -p**4/24 + 11*p**3/6 + 164*p**2. Give w(7).
4
Let p be -2 + (-1 - (-15)/3). Let n(o) = -2 - p*o**2 + 2*o**2 + 2*o**2 - 2*o. Let j be (-18)/27*18/(-4). Calculate n(j).
10
Let r(t) = -2*t**3 - 8*t**2 - 4*t - 8. Let f be r(-4). Let j(y) = 6*y - 6. What is j(f)?
42
Suppose -5*v + 12*v - 21 = 0. Let x(g) = -3*g - 4. Calculate x(v).
-13
Let q(h) be the third derivative of 0*h - 1/3*h**3 - 1/8*h**4 + h**2 - 1/360*h**6 + 0 - 1/20*h**5. Let r(o) be the first derivative of q(o). Calculate r(-3).
6
Let v(d) = d**3 - 2*d**2 - 4*d + 4. Let m(l) = -l**3 + 18*l**2 - 18*l + 20. Let o be m(17). Let h be v(o). Let u(p) = -4*p + 1. What is u(h)?
-3
Let b(p) = p - 8. Let d be b(6). Let m = 1 + d. Let i(c) = -6*c**3 + c**2 - 1. Let h be i(m). Let f(x) = -x**3 + 5*x**2 + 7*x - 2. Calculate f(h).
4
Let c(y) = y**3 + y. Let o(r) = -r**2 - 7*r - 2. Let s be o(-4). Let h be 1/(-2)*(16 + 6). Let n = h + s. Give c(n).
-2
Let m(k) = -k**2 + 10*k - 3. Let q be m(8). Let v(l) = 0 + q*l + 26*l + 2 - 38*l. Suppose -b = 4, -7 = 2*g + 4*b + 17. Calculate v(g).
-2
Let n(b) = -b**3 + 4*b**2 + b - 5. Suppose 4*d = 3*r, -3*d - 3*r = d. Suppose d = -2*o + 2 + 38. Suppose 2*y = 4*s + 24, y + 5*s + o = 4. What is n(y)?
-1
Let z(n) be the second derivative of n**4/12 + n**3/6 + 19*n**2 - 268*n. What is z(0)?
38
Suppose -6*c + 4*c =